 -7423622?
7423623
In base 16, what is -72 + -1bfc8?
-1c03a
In base 8, what is 1245751 - -43?
1246014
In base 2, what is -11100 + -10010001011010011100?
-10010001011010111000
In base 12, what is 24b - 339a44?
-3397b5
In base 13, what is 2b35bb1 - -3?
2b35bb4
In base 14, what is dc8a + -d9?
db91
In base 5, what is 42223314 + -21?
42223243
In base 7, what is 5616 + 12553?
21502
In base 2, what is -100000101100101 + -10110101001?
-100011100001110
In base 14, what is -7693 + 204?
-748d
In base 3, what is -1 - -10200021001011221?
10200021001011220
In base 8, what is -66553155 - 2?
-66553157
In base 10, what is -9 - 11263047?
-11263056
In base 8, what is -50 - 24461355?
-24461425
In base 5, what is 1310213002 + -4?
1310212443
In base 11, what is a + -152952?
-152943
In base 6, what is -1515050243 - 0?
-1515050243
In base 8, what is -3751256 - -20?
-3751236
In base 6, what is 43540 + 2124030?
2212010
In base 13, what is -1490b - 544?
-15152
In base 12, what is 0 - b43b9?
-b43b9
In base 6, what is 313 - 20344003?
-20343250
In base 12, what is -60b - -5b1a9?
5a79a
In base 14, what is -883 - ca0d?
-d492
In base 12, what is -565 - -627b?
5916
In base 3, what is 100200010110120002 - -2?
100200010110120011
In base 15, what is 126d - -11be2?
12e60
In base 5, what is 33133102 - -20?
33133122
In base 12, what is -10 - -4438918?
4438908
In base 15, what is 9 + -2d5c7b?
-2d5c72
In base 10, what is 293305401 - 4?
293305397
In base 10, what is -1950130 + 28?
-1950102
In base 5, what is 2110130343 + -1?
2110130342
In base 4, what is -1002020133013 + 11?
-1002020133002
In base 9, what is -23403 - 35555?
-60058
In base 8, what is -4025176 - 2?
-4025200
In base 4, what is -110332211213 + 1001?
-110332210212
In base 11, what is 11651 + 79?
1171a
In base 9, what is -3561 - 487?
-4158
In base 15, what is -d5 + -19c7?
-1aac
In base 9, what is 4583178 - -7?
4583186
In base 11, what is 2 - 19809a?
-198098
In base 12, what is 18525134 - 2?
18525132
In base 5, what is 12311332 + 3121?
12320003
In base 12, what is -2 - -1946a79?
1946a77
In base 10, what is -14997802 + 2?
-14997800
In base 15, what is -5ea - 5c45?
-6340
In base 3, what is -12220 + 10111000122?
10110210202
In base 11, what is 1345 - -2350?
3695
In base 6, what is -1132 - -1552413?
1551241
In base 6, what is -201513001 - 2002?
-201515003
In base 5, what is -1 - -131034242110?
131034242104
In base 5, what is -10422 - -4414410?
4403433
In base 14, what is 0 + 4d325?
4d325
In base 2, what is -10100001 - 10110000101?
-11000100110
In base 11, what is 51 - a215a6?
-a21555
In base 14, what is 8421a - 30?
841ca
In base 3, what is -10221201000201002 + -11?
-10221201000201020
In base 11, what is -3575a - -149?
-35611
In base 4, what is 103121110 - 1100?
103120010
In base 2, what is 101 + -100001010000101010010?
-100001010000101001101
In base 15, what is 9 + -356d660?
-356d656
In base 2, what is 10110101 - 1111000110000101?
-1111000011010000
In base 2, what is -1001101000111 - -10001111110111?
1000010110000
In base 14, what is 0 + -25d4826?
-25d4826
In base 2, what is -1001110011111110111010110 + 111?
-1001110011111110111001111
In base 12, what is -8ab - -43b6?
3707
In base 16, what is 1f - 21c2b2?
-21c293
In base 6, what is -10555 - -12053250?
12042251
In base 15, what is -1a0 + -321?
-4c1
In base 7, what is 210 + -62655?
-62445
In base 11, what is -51a1 - 12037?
-17228
In base 9, what is 1636 - -5822?
7558
In base 3, what is 2000222111102121 + -1012?
2000222111101102
In base 12, what is -43312 - -b1?
-43221
In base 4, what is -2221113112 + -1102?
-2221120220
In base 8, what is 65767120 + -10?
65767110
In base 16, what is -4 + 27cb54?
27cb50
In base 2, what is 10101101010000 - 1001100011110000?
-110110110100000
In base 16, what is 122b + -ad99?
-9b6e
In base 9, what is 13028 - -2841?
15870
In base 14, what is 2901c - c0?
28d3c
In base 6, what is -30443 + 1032?
-25411
In base 6, what is 14 - 1532110215?
-1532110201
In base 5, what is -4241042 + -100424?
-4342021
In base 13, what is a80 + -297821?
-296a71
In base 16, what is 4d - 14e0de?
-14e091
In base 8, what is -33044 + -26656?
-61722
In base 4, what is -2212123030 + 10233?
-2212112131
In base 9, what is -2205 - 45851?
-48156
In base 9, what is -6201 + 1535?
-4555
In base 7, what is -140161 - 2361?
-142552
In base 9, what is 534387 + -7560?
525727
In base 16, what is -2f - -8c2c14?
8c2be5
In base 14, what is -4b193 + 73?
-4b120
In base 15, what is 5dbbc + -1?
5dbbb
In base 4, what is -103100132 - 231121?
-103331313
In base 14, what is -41d20 + -9a6?
-428c6
In base 12, what is 1b0948 - 2?
1b0946
In base 9, what is -301788 - -21?
-301767
In base 13, what is 65 + -404407?
-404372
In base 10, what is 645 + -84032?
-83387
In base 12, what is -18109a - 4a?
-181128
In base 13, what is 0 - 1b69b9?
-1b69b9
In base 3, what is 21010122012000 - -1021?
21010122020021
In base 16, what is -2 + 1a61c3e?
1a61c3c
In base 16, what is -58f2 - 1f6?
-5ae8
In base 15, what is ac6 + 41bdb?
427b2
In base 12, what is -50 - 737088?
-737118
In base 4, what is 3320331 - 21200?
3233131
In base 12, what is -3ba4240b - -2?
-3ba42409
In base 5, what is -41 + -41101313?
-41101404
In base 10, what is -1861 - -19131?
17270
In base 5, what is 3 + 334311021?
334311024
In base 8, what is -1276272112 - -5?
-1276272105
In base 16, what is 10812f - 5?
10812a
In base 6, what is -13120 + 150230?
133110
In base 13, what is -579953a + 3?
-5799537
In base 15, what is -33d78 - -b5?
-33cb3
In base 14, what is 3 - -1a49dc6?
1a49dc9
In base 5, what is -1142211 + 23?
-1142133
In base 16, what is e - a6d2?
-a6c4
In base 14, what is -2 + -48c6abd?
-48c6ac1
In base 7, what is 100442 - 3243?
64166
In base 3, what is 101220002 + 1011021201?
1120011210
In base 4, what is 100111001122 - -1110?
100111002232
In base 15, what is 3b + 678?
6b4
In base 7, what is 320 - -3016056?
3016406
In base 12, what is -5777574 - 5?
-5777579
In base 10, what is -469 + 75886?
75417
In base 13, what is -530 + -475b?
-4c8b
In base 12, what is 2b109 - 2?
2b107
In base 3, what is 10 + 211201110120?
211201110200
In base 9, what is 431 - -8233?
8664
In base 6, what is -30 + -103111340?
-103111410
In base 2, what is -100010010100101010010110 + 1?
-100010010100101010010101
In base 2, what is -101001010101001001110010 - 1000011?
-101001010101001010110101
In base 3, what is -1 + -11000011021221?
-11000011021222
In base 7, what is 112 - -40420011?
40420123
In base 3, what is 2011201212 - 20211?
2011111001
In base 8, what is 43022164 + -1?
43022163
In base 16, what is cea + -6d94?
-60aa
In base 6, what is -1530 - 4210050?
-4212020
In base 10, what is 657 + -84524?
-83867
In base 15, what is -831d26 + 19?
-831d0c
In base 13, what is 5 + 44b3456?
44b345b
In base 6, what is -2520 + -100202?
-103122
In base 13, what is -17361 - 60?
-173c1
In base 10, what is 185 + -682546?
-682361
In base 12, what is -238505 + 12?
-2384b3
In base 6, what is -1354 + -140103?
-141501
In base 5, what is 11122403 - -334?
11123242
In base 16, what is 3da3 + -16f74?
-131d1
In base 14, what is -7555 - -31d?
-7236
In base 9, what is 613033 - 42?
612881
In base 10, what is 28 + -22467?
-22439
In base 10, what is -5 + 8707779?
8707774
In base 13, what is 1248a57 + 1c?
1248a76
In base 14, what is -7c1 - 4cb79?
-4d55a
In base 7, what is 2463 + -310630?
-305134
In base 11, what is 1335 - -34a191?
350516
In base 11, what is -10044 + -50748?
-60791
In base 14, what is -8aa3bb5 + -2?
-8aa3bb7
In base 9, what is -1 - 1487351?
-1487352
In base 9, what is 1115680 - -640?
1116430
In base 12, what is -9 + -50594?
-505a1
In base 2, what is 1001111100010010111000010 - 101?
1001111100010010110111101
In base 15, what is -1 - 4b2643?
-4b2644
In base 13, what is -3695b7c - 51?
-3695c00
In base 7, what is 2102 + -132505?
-130403
In base 14, what is 125d + -87c6?
-7567
In base 11, what is -1 - 7256a0?
-7256a1
In base 8, what is -604 + 6047501?
6046675
In base 11, what is -4 + -1a77786?
-1a7778a
In base 2, what is 10000 - 11000010110010001011111?
-11000010110010001001111
In base 10, what is -9192 - -96?
-9096
In base 4, what is -21222 + 1020321232?
1020300010
In base 2, what is -1100000010010001101 - -100001?
-1100000010001101100
In base 14, what is 18 + -1cca600?
-1cca5c6
In base 9, what is -270606 + 35